2080. Determine i(-80).
0
Let m(j) = -16*j + 35. Calculate m(-21).
371
Let f(w) = -4*w**2 + 122*w - 1150. Give f(10).
-330
Let a(n) = -2*n**2 + 8*n + 98. Calculate a(16).
-286
Let y(t) = t**2 + 53*t - 423. Determine y(7).
-3
Let a(d) = -d**3 + 6*d**2 + 135*d - 27. Calculate a(-11).
545
Let m(j) = 387*j - 2708. Determine m(7).
1
Let v(z) = -z**3 + 9*z**2 + 3*z - 69. What is v(5)?
46
Let h(i) = -i**3 + 38*i**2 - 213*i - 145. Give h(31).
-21
Let p(w) = -w**3 - 29*w**2 - 156*w + 210. Calculate p(-9).
-6
Let i(a) = 3*a**2 + 32*a + 25. What is i(-5)?
-60
Let f(k) = -30*k**2 + 207*k - 2. Determine f(3).
349
Let l(d) = d**3 + 74*d**2 - 1044*d - 960. Calculate l(-86).
72
Let t(b) = -b**3 - 21*b**2 - 102*b + 32. Give t(-7).
60
Let l(p) = -2*p**3 + 5*p**2 + 25*p - 21. Calculate l(4).
31
Let y(l) = 5*l**2 - 12*l - 86. Determine y(-4).
42
Let j(w) = w**3 - 8*w**2 + 2970*w - 17751. Calculate j(6).
-3
Let d(m) = 7*m**2 - 274*m - 239. What is d(40)?
1
Let l(h) = h**2 + 25*h + 100. Determine l(-5).
0
Let t(r) = -17*r + 89. Give t(4).
21
Let u(y) = -955*y + 169031. Give u(177).
-4
Let s(m) = 4*m - 87. Give s(-10).
-127
Let t(p) = 16*p**2 - 83*p + 74. Calculate t(1).
7
Let p(k) = -k**3 + 23*k**2 - 87*k - 266. Give p(17).
-11
Let a(o) = 3270*o + 29438. Give a(-9).
8
Let o(t) = -4*t**3 - 42*t**2 - 30*t - 95. What is o(-10)?
5
Let m(g) = -g**3 - 16*g**2 - 66*g + 5. Give m(-10).
65
Let b(f) = f**2 - 169*f + 1430. Determine b(9).
-10
Let r(q) = 2*q**2 - 74*q + 59. Calculate r(35).
-81
Let z(s) = 8*s - 33. Determine z(9).
39
Let j(k) = 2591*k - 13. Give j(0).
-13
Let w(t) = 3*t + 75. Calculate w(-3).
66
Let i(o) = 55*o**2 - 59*o - 98. Determine i(-2).
240
Let l(u) = 600*u + 2979. Give l(-5).
-21
Let r(k) = -k**2 - 9*k + 594. What is r(21)?
-36
Let f(z) = -z**3 - 69*z**2 + 1463*z - 10. Determine f(17).
7
Let s(r) = 299*r + 295. Determine s(-1).
-4
Let o(l) = l**3 - 9*l**2 - 37*l + 18. Give o(12).
6
Let s(k) = 2*k**2 - 33*k + 208. Determine s(25).
633
Let l(t) = -48*t**2 + 952*t + 162. Calculate l(20).
2
Let r(b) = 28*b - 2204. What is r(83)?
120
Let j(f) = -3*f**2 + 28*f + 26. Calculate j(11).
-29
Let u(l) = l**3 - 40*l**2 - 38*l - 15. Give u(41).
108
Let y(z) = 2682*z - 10744. What is y(4)?
-16
Let w(h) = h**3 - 36*h**2 + 29*h + 135. Calculate w(35).
-75
Let f(j) = -34*j**2 + 31*j + 42. What is f(-1)?
-23
Let f(t) = 2*t**2 - 58*t - 506. Determine f(-7).
-2
Let v(z) = 8*z**2 - 3*z - 20. Determine v(-3).
61
Let f(p) = 3*p**2 + 4*p + 90. Give f(0).
90
Let w(f) = -10*f + 56. Determine w(7).
-14
Let m(j) = j**3 + 5*j**2 - 4*j + 63. Give m(-7).
-7
Let h(k) = 694*k - 27754. Give h(40).
6
Let l(n) = n**2 - 2*n - 107. Determine l(11).
-8
Let c(w) = w**3 - 24*w**2 - 1312*w + 33243. Give c(27).
6
Let r(q) = -24*q + 417. Give r(17).
9
Let v(j) = -j**3 + 15*j**2 + 22*j - 601. Determine v(13).
23
Let h(o) = 3*o**2 + 112*o - 85. What is h(-39)?
110
Let r(d) = 182*d**2 + 1. Calculate r(1).
183
Let c(q) = -26*q - 512. Determine c(-14).
-148
Let j(u) = 2*u**3 + 22*u**2 - 25*u - 11. Determine j(-12).
1
Let s(j) = 2*j**3 - 103*j**2 + 56*j - 262. Determine s(51).
-7
Let d(i) = -i**3 - 42*i**2 - 10*i - 2283. Calculate d(-43).
-4
Let o(d) = -5*d + 502. Calculate o(12).
442
Let n(i) = -74*i - 678. Determine n(-9).
-12
Let w(g) = 114*g - 625. Determine w(5).
-55
Let r(x) = -2*x**2 - 36*x + 155. Give r(-21).
29
Let a(o) = 2*o**2 - 587*o - 6719. Determine a(-11).
-20
Let l(r) = 93*r - 151. What is l(9)?
686
Let y(b) = 81*b + 249. What is y(-3)?
6
Let m(f) = f**2 - 9*f - 422. Calculate m(-17).
20
Let w(n) = -20*n**3 - 298*n**2 + 32*n - 6. Give w(-15).
-36
Let v(q) = 2*q**3 - 3*q**2 + 2*q - 273. What is v(0)?
-273
Let k(n) = -2*n**2 - 231*n - 25. Give k(0).
-25
Let k(l) = 46*l - 1458. Give k(34).
106
Let h(v) = -v**3 + v**2 + 22*v + 44. Determine h(9).
-406
Let d(s) = -3*s**2 + 868*s + 6017. Calculate d(-7).
-206
Let s(d) = d**3 - 27*d**2 + 18*d - 1290. What is s(28)?
-2
Let q(o) = -o**2 + 1134*o - 12355. Calculate q(11).
-2
Let v(r) = -37*r**2 - 210*r + 42. Determine v(-6).
-30
Let l(n) = -15*n**2 - 140*n - 431. Give l(-3).
-146
Let h(d) = -843*d + 5050. Determine h(6).
-8
Let d(t) = 41*t - 333. Calculate d(8).
-5
Let i(p) = 12*p**2 - 355*p + 47. Give i(29).
-156
Let g(w) = -6*w**2 - 14*w - 49. What is g(-5)?
-129
Let t(h) = -24*h + 38. Give t(-7).
206
Let m(q) = 4*q**3 + 90*q**2 - 49*q - 73. Give m(-23).
-4
Let q(s) = -s**3 + 2*s**2 - 15*s + 5. Determine q(0).
5
Let w(d) = -d**2 - 21*d - 55. Calculate w(-20).
-35
Let w(u) = -123*u - 851. Give w(-7).
10
Let y(h) = -h**3 - 203*h**2 + 837*h + 1865. Calculate y(-207).
2
Let q(s) = -216*s - 309. Determine q(-6).
987
Let j(s) = 261*s + 12503. Calculate j(-48).
-25
Let b(w) = 2*w**2 + 11*w - 462. Determine b(-18).
-12
Let b(h) = -302*h - 14819. Calculate b(-49).
-21
Let t(n) = -11*n**2 + 1404*n + 506. Determine t(128).
-6
Let o(b) = b**3 - b**2 - b + 24. What is o(-3)?
-9
Let z(s) = s**3 - 19*s**2 + 61*s + 4. Give z(13).
-217
Let v(i) = -i**3 - 6*i**2 - 26*i - 115. Determine v(-7).
116
Let y(o) = 8*o - 330. What is y(37)?
-34
Let r(u) = -u**2 + 175*u + 1079. Determine r(-6).
-7
Let u(x) = 601*x + 1200. Calculate u(-2).
-2
Let c(y) = -y**3 - 22*y**2 + 53*y + 1117. Calculate c(-22).
-49
Let l(t) = 4*t**2 + 41*t + 72. Give l(-10).
62
Let o(m) = 4*m - 66. Give o(28).
46
Let t(o) = -593*o - 12452. Determine t(-21).
1
Let g(v) = -1892*v + 7570. What is g(4)?
2
Let p(r) = r**3 + 98*r**2 + 1615*r - 154. Determine p(-77).
0
Let i(u) = -2*u**2 + 16*u + 99. Determine i(12).
3
Let d(z) = -82*z + 5034. Give d(60).
114
Let j(b) = -2*b**3 + 11*b**2 - 4*b - 2. What is j(7)?
-177
Let j(m) = 85*m - 247. What is j(5)?
178
Let q(b) = 13*b**2 - 84*b + 15. Calculate q(6).
-21
Let t(j) = -j**3 - 23*j**2 - 116*j - 68. Give t(-16).
-4
Let v(z) = z**3 - 7*z**2 - 7*z - 8. Calculate v(8).
0
Let a(u) = 21*u + 80. What is a(-8)?
-88
Let t(c) = -4*c**2 - 31*c + 1064. What is t(13)?
-15
Let o(m) = 37*m - 732. What is o(21)?
45
Let d(y) = y**3 - 11*y**2 - 723*y - 75. Determine d(33).
24
Let p(n) = -n**2 - 31*n + 2118. Calculate p(33).
6
Let u(z) = -z**3 + 29*z**2 + 51*z + 283. Determine u(31).
-58
Let c(r) = r**2 - 56*r + 149. Give c(53).
-10
Let g(x) = 55*x + 101. Give g(-2).
-9
Let z(h) = h**2 + 507*h + 1514. What is z(-3)?
2
Let h(a) = -9*a - 279. Give h(4).
-315
Let d(t) = t**2 - 80*t + 81. Determine d(79).
2
Let l(h) = -57*h + 20. Calculate l(1).
-37
Let f(s) = 287*s + 35574. Give f(-124).
-14
Let a(p) = 75*p - 158. Calculate a(2).
-8
Let y(q) = -3*q - 166. Calculate y(-59).
11
Let y(d) = 5*d**2 + 17*d + 67. Calculate y(-6).
145
Let h(y) = 2*y**3 - 50*y**2 + 293*y + 46. What is h(15)?
-59
Let v(a) = -147*a + 1102. Give v(8).
-74
Let j(n) = n**2 - 193*n + 724. Calculate j(4).
-32
Let r(d) = -d**2 + 104*d - 645. What is r(97)?
34
Let l(m) = -m**3 - 4*m**2 + 108*m + 60. What is l(-13)?
177
Let o(i) = 15*i**2 + 49*i + 21. Calculate o(4).
457
Let q(k) = 2*k**2 - 202*k + 395. What is q(99)?
-1
Let x(k) = k**3 + 21*k**2 + 36*k + 29. What is x(-19)?
67
Let q(a) = 2*a**3 - 49*a**2 + 100*a + 38. Give q(22).
-182
Let d(j) = -31*j - 1581. Calculate d(-52).
31
Let j(f) = 2*f**3 + 60*f**2 + 441*f - 40. Calculate j(-17).
-23
Let h(d) = -23*d**3 + d**2 + 9*d - 3. Calculate h(2).
-165
Let x(b) = -77*b + 78. Determine x(5).
-307
Let x(d) = -29*d + 310. What is x(11)?
-9
Let x(k) = k**3 - 15*k**2 + 8*k - 410. Give x(16).
-26
Let t(n) = 8*n - 62. What is t(12)?
34
Let d(r) = 45*r**2 + 34*r + 128. Calculate d(-4).
712
Let z(g) = -155*g + 19216. Give z(124).
-4
Let t(s) = 31*s**2 - 1402*s + 306. Give t(45).
-9
Let q(v) = -23*v - 606. Determine q(-27).
15
Let x(r) = 4*r**3 + 9*r**2 - 10*r + 6. Calculate x(5).
681
Let w(r) = -51*r**2 + 283*r + 2. What is w(6)?
-136
Let k(s) = s**2 + 195*s - 2209. Calculate k(11).
57
Let b(m) = 36*m**2 + 79*m - 1. Calculate b(-3).
86
Let c(f) = 835*f + 6589. What is c(-8)?
-91
Let q(d) = -d**3 + 12*d**2 + 13*d - 20. Determine q(13).
-20
Let a(w) = w**2 + 769*w + 2295. What is a(-3)?
-3
Let w(n) = n**3 - n**2 + 3*n - 277. Calculate w(0).
-277
Let t(l) = 4*l**2 + 7*l - 19. Determine t(8).
293
Let z(h) = -14*h**2 + 34*h - 3. Calculate z(2).
9
Let a(m) = m**2 - 29*m - 126. Determine a(26).
-204
Let b(n) = -n**3 - 30*n**2 + 735*n - 65. Calculate b(-46).
-19
Let h(o) = -